{"id":1052,"date":"2019-04-14T18:13:05","date_gmt":"2019-04-14T16:13:05","guid":{"rendered":"http:\/\/carolor.org\/?post_type=tribe_events&#038;p=1052"},"modified":"2019-04-14T18:37:59","modified_gmt":"2019-04-14T16:37:59","slug":"info-session-espace-citoyen-porte-ouest","status":"publish","type":"tribe_events","link":"https:\/\/carolor.org\/index.php\/event\/info-session-espace-citoyen-porte-ouest\/","title":{"rendered":"Info-session Espace citoyen Porte Ouest"},"content":{"rendered":"<p>Le Carol&#8217;Or, c&#8217;est quoi ?<\/p>\n<p>C&#8217;est un bon de soutien \u00e0 l&#8217;\u00e9conomie locale.<\/p>\n<p>Le Carol&#8217;Or, c&#8217;est qui ?<\/p>\n<p>Cette initiative est port\u00e9e par un groupe de citoyens de la r\u00e9gion de Charleroi.<\/p>\n<p>D&#8217;autres questions , venez les poser c&#8217;est l&#8217;occasion !<\/p>\n<p>Inscriptions souhait\u00e9es au 071\/50.04.23.<\/p>\n","protected":false},"excerpt":{"rendered":"<p>Le Carol&#8217;Or, c&#8217;est quoi ? C&#8217;est un bon de soutien \u00e0 l&#8217;\u00e9conomie locale. Le Carol&#8217;Or, c&#8217;est qui ? Cette initiative est port\u00e9e par un groupe de citoyens de la r\u00e9gion &hellip; <\/p>\n<p class=\"link-more\"><a href=\"https:\/\/carolor.org\/index.php\/event\/info-session-espace-citoyen-porte-ouest\/\" class=\"more-link\">Continuer la lecture<span class=\"screen-reader-text\"> de &laquo;&nbsp;Info-session Espace citoyen Porte Ouest&nbsp;&raquo;<\/span><\/a><\/p>\n","protected":false},"author":2,"featured_media":1053,"comment_status":"open","ping_status":"closed","template":"","meta":{"_tribe_events_status":"","_tribe_events_status_reason":""},"tags":[61],"tribe_events_cat":[],"yoast_head":"<!-- This site is optimized with the Yoast SEO plugin v18.4.1 - https:\/\/yoast.com\/wordpress\/plugins\/seo\/ -->\n<title>Info-session Espace citoyen Porte Ouest -<\/title>\n<meta name=\"robots\" content=\"index, follow, max-snippet:-1, max-image-preview:large, max-video-preview:-1\" \/>\n<link rel=\"canonical\" href=\"https:\/\/carolor.org\/index.php\/event\/info-session-espace-citoyen-porte-ouest\/\" \/>\n<meta property=\"og:locale\" content=\"fr_FR\" \/>\n<meta property=\"og:type\" content=\"article\" \/>\n<meta property=\"og:title\" content=\"Info-session Espace citoyen Porte Ouest -\" \/>\n<meta property=\"og:description\" content=\"Le Carol&#8217;Or, c&#8217;est quoi ? C&#8217;est un bon de soutien \u00e0 l&#8217;\u00e9conomie locale. Le Carol&#8217;Or, c&#8217;est qui ? Cette initiative est port\u00e9e par un groupe de citoyens de la r\u00e9gion &hellip; Continuer la lecture de &laquo;&nbsp;Info-session Espace citoyen Porte Ouest&nbsp;&raquo;\" \/>\n<meta property=\"og:url\" content=\"https:\/\/carolor.org\/index.php\/event\/info-session-espace-citoyen-porte-ouest\/\" \/>\n<meta property=\"article:publisher\" content=\"http:\/\/www.facebook.com\/LeCarolOr\/\" \/>\n<meta property=\"article:modified_time\" content=\"2019-04-14T16:37:59+00:00\" \/>\n<meta property=\"og:image\" content=\"https:\/\/carolor.org\/wp-content\/uploads\/2019\/04\/56830135_2452862094776868_7903464651910807552_n.jpg\" \/>\n\t<meta property=\"og:image:width\" content=\"698\" \/>\n\t<meta property=\"og:image:height\" content=\"960\" \/>\n\t<meta property=\"og:image:type\" content=\"image\/jpeg\" \/>\n<meta name=\"twitter:card\" content=\"summary_large_image\" \/>\n<meta name=\"twitter:site\" content=\"@carol_or\" \/>\n<script type=\"application\/ld+json\" class=\"yoast-schema-graph\">{\"@context\":\"https:\/\/schema.org\",\"@graph\":[{\"@type\":\"Organization\",\"@id\":\"https:\/\/carolor.org\/#organization\",\"name\":\"Carol'Or\",\"url\":\"https:\/\/carolor.org\/\",\"sameAs\":[\"http:\/\/www.facebook.com\/LeCarolOr\/\",\"https:\/\/twitter.com\/carol_or\"],\"logo\":{\"@type\":\"ImageObject\",\"@id\":\"https:\/\/carolor.org\/#logo\",\"inLanguage\":\"fr-FR\",\"url\":\"https:\/\/carolor.org\/wp-content\/uploads\/2018\/10\/CarolOr_Logo_Noir-e1540477867364.png\",\"contentUrl\":\"https:\/\/carolor.org\/wp-content\/uploads\/2018\/10\/CarolOr_Logo_Noir-e1540477867364.png\",\"width\":600,\"height\":494,\"caption\":\"Carol'Or\"},\"image\":{\"@id\":\"https:\/\/carolor.org\/#logo\"}},{\"@type\":\"WebSite\",\"@id\":\"https:\/\/carolor.org\/#website\",\"url\":\"https:\/\/carolor.org\/\",\"name\":\"Carol'Or\",\"description\":\"La monnaie citoyenne du pays de Charleroi et de la Haute Sambre\",\"publisher\":{\"@id\":\"https:\/\/carolor.org\/#organization\"},\"potentialAction\":[{\"@type\":\"SearchAction\",\"target\":{\"@type\":\"EntryPoint\",\"urlTemplate\":\"https:\/\/carolor.org\/?s={search_term_string}\"},\"query-input\":\"required name=search_term_string\"}],\"inLanguage\":\"fr-FR\"},{\"@type\":\"ImageObject\",\"@id\":\"https:\/\/carolor.org\/index.php\/event\/info-session-espace-citoyen-porte-ouest\/#primaryimage\",\"inLanguage\":\"fr-FR\",\"url\":\"https:\/\/carolor.org\/wp-content\/uploads\/2019\/04\/56830135_2452862094776868_7903464651910807552_n.jpg\",\"contentUrl\":\"https:\/\/carolor.org\/wp-content\/uploads\/2019\/04\/56830135_2452862094776868_7903464651910807552_n.jpg\",\"width\":698,\"height\":960},{\"@type\":\"WebPage\",\"@id\":\"https:\/\/carolor.org\/index.php\/event\/info-session-espace-citoyen-porte-ouest\/#webpage\",\"url\":\"https:\/\/carolor.org\/index.php\/event\/info-session-espace-citoyen-porte-ouest\/\",\"name\":\"Info-session Espace citoyen Porte Ouest -\",\"isPartOf\":{\"@id\":\"https:\/\/carolor.org\/#website\"},\"primaryImageOfPage\":{\"@id\":\"https:\/\/carolor.org\/index.php\/event\/info-session-espace-citoyen-porte-ouest\/#primaryimage\"},\"datePublished\":\"2019-04-14T16:13:05+00:00\",\"dateModified\":\"2019-04-14T16:37:59+00:00\",\"breadcrumb\":{\"@id\":\"https:\/\/carolor.org\/index.php\/event\/info-session-espace-citoyen-porte-ouest\/#breadcrumb\"},\"inLanguage\":\"fr-FR\",\"potentialAction\":[{\"@type\":\"ReadAction\",\"target\":[\"https:\/\/carolor.org\/index.php\/event\/info-session-espace-citoyen-porte-ouest\/\"]}]},{\"@type\":\"BreadcrumbList\",\"@id\":\"https:\/\/carolor.org\/index.php\/event\/info-session-espace-citoyen-porte-ouest\/#breadcrumb\",\"itemListElement\":[{\"@type\":\"ListItem\",\"position\":1,\"name\":\"Accueil\",\"item\":\"https:\/\/carolor.org\/\"},{\"@type\":\"ListItem\",\"position\":2,\"name\":\"\u00c9v\u00e8nements\",\"item\":\"https:\/\/carolor.org\/index.php\/events\/\"},{\"@type\":\"ListItem\",\"position\":3,\"name\":\"Info-session Espace citoyen Porte Ouest\"}]}]}<\/script>\n<!-- \/ Yoast SEO plugin. -->","yoast_head_json":{"title":"Info-session Espace citoyen Porte Ouest -","robots":{"index":"index","follow":"follow","max-snippet":"max-snippet:-1","max-image-preview":"max-image-preview:large","max-video-preview":"max-video-preview:-1"},"canonical":"https:\/\/carolor.org\/index.php\/event\/info-session-espace-citoyen-porte-ouest\/","og_locale":"fr_FR","og_type":"article","og_title":"Info-session Espace citoyen Porte Ouest -","og_description":"Le Carol&#8217;Or, c&#8217;est quoi ? C&#8217;est un bon de soutien \u00e0 l&#8217;\u00e9conomie locale. Le Carol&#8217;Or, c&#8217;est qui ? Cette initiative est port\u00e9e par un groupe de citoyens de la r\u00e9gion &hellip; Continuer la lecture de &laquo;&nbsp;Info-session Espace citoyen Porte Ouest&nbsp;&raquo;","og_url":"https:\/\/carolor.org\/index.php\/event\/info-session-espace-citoyen-porte-ouest\/","article_publisher":"http:\/\/www.facebook.com\/LeCarolOr\/","article_modified_time":"2019-04-14T16:37:59+00:00","og_image":[{"width":698,"height":960,"url":"https:\/\/carolor.org\/wp-content\/uploads\/2019\/04\/56830135_2452862094776868_7903464651910807552_n.jpg","type":"image\/jpeg"}],"twitter_card":"summary_large_image","twitter_site":"@carol_or","schema":{"@context":"https:\/\/schema.org","@graph":[{"@type":"Organization","@id":"https:\/\/carolor.org\/#organization","name":"Carol'Or","url":"https:\/\/carolor.org\/","sameAs":["http:\/\/www.facebook.com\/LeCarolOr\/","https:\/\/twitter.com\/carol_or"],"logo":{"@type":"ImageObject","@id":"https:\/\/carolor.org\/#logo","inLanguage":"fr-FR","url":"https:\/\/carolor.org\/wp-content\/uploads\/2018\/10\/CarolOr_Logo_Noir-e1540477867364.png","contentUrl":"https:\/\/carolor.org\/wp-content\/uploads\/2018\/10\/CarolOr_Logo_Noir-e1540477867364.png","width":600,"height":494,"caption":"Carol'Or"},"image":{"@id":"https:\/\/carolor.org\/#logo"}},{"@type":"WebSite","@id":"https:\/\/carolor.org\/#website","url":"https:\/\/carolor.org\/","name":"Carol'Or","description":"La monnaie citoyenne du pays de Charleroi et de la Haute Sambre","publisher":{"@id":"https:\/\/carolor.org\/#organization"},"potentialAction":[{"@type":"SearchAction","target":{"@type":"EntryPoint","urlTemplate":"https:\/\/carolor.org\/?s={search_term_string}"},"query-input":"required name=search_term_string"}],"inLanguage":"fr-FR"},{"@type":"ImageObject","@id":"https:\/\/carolor.org\/index.php\/event\/info-session-espace-citoyen-porte-ouest\/#primaryimage","inLanguage":"fr-FR","url":"https:\/\/carolor.org\/wp-content\/uploads\/2019\/04\/56830135_2452862094776868_7903464651910807552_n.jpg","contentUrl":"https:\/\/carolor.org\/wp-content\/uploads\/2019\/04\/56830135_2452862094776868_7903464651910807552_n.jpg","width":698,"height":960},{"@type":"WebPage","@id":"https:\/\/carolor.org\/index.php\/event\/info-session-espace-citoyen-porte-ouest\/#webpage","url":"https:\/\/carolor.org\/index.php\/event\/info-session-espace-citoyen-porte-ouest\/","name":"Info-session Espace citoyen Porte Ouest -","isPartOf":{"@id":"https:\/\/carolor.org\/#website"},"primaryImageOfPage":{"@id":"https:\/\/carolor.org\/index.php\/event\/info-session-espace-citoyen-porte-ouest\/#primaryimage"},"datePublished":"2019-04-14T16:13:05+00:00","dateModified":"2019-04-14T16:37:59+00:00","breadcrumb":{"@id":"https:\/\/carolor.org\/index.php\/event\/info-session-espace-citoyen-porte-ouest\/#breadcrumb"},"inLanguage":"fr-FR","potentialAction":[{"@type":"ReadAction","target":["https:\/\/carolor.org\/index.php\/event\/info-session-espace-citoyen-porte-ouest\/"]}]},{"@type":"BreadcrumbList","@id":"https:\/\/carolor.org\/index.php\/event\/info-session-espace-citoyen-porte-ouest\/#breadcrumb","itemListElement":[{"@type":"ListItem","position":1,"name":"Accueil","item":"https:\/\/carolor.org\/"},{"@type":"ListItem","position":2,"name":"\u00c9v\u00e8nements","item":"https:\/\/carolor.org\/index.php\/events\/"},{"@type":"ListItem","position":3,"name":"Info-session Espace citoyen Porte Ouest"}]}]}},"_links":{"self":[{"href":"https:\/\/carolor.org\/index.php\/wp-json\/wp\/v2\/tribe_events\/1052"}],"collection":[{"href":"https:\/\/carolor.org\/index.php\/wp-json\/wp\/v2\/tribe_events"}],"about":[{"href":"https:\/\/carolor.org\/index.php\/wp-json\/wp\/v2\/types\/tribe_events"}],"author":[{"embeddable":true,"href":"https:\/\/carolor.org\/index.php\/wp-json\/wp\/v2\/users\/2"}],"replies":[{"embeddable":true,"href":"https:\/\/carolor.org\/index.php\/wp-json\/wp\/v2\/comments?post=1052"}],"version-history":[{"count":3,"href":"https:\/\/carolor.org\/index.php\/wp-json\/wp\/v2\/tribe_events\/1052\/revisions"}],"predecessor-version":[{"id":1066,"href":"https:\/\/carolor.org\/index.php\/wp-json\/wp\/v2\/tribe_events\/1052\/revisions\/1066"}],"wp:featuredmedia":[{"embeddable":true,"href":"https:\/\/carolor.org\/index.php\/wp-json\/wp\/v2\/media\/1053"}],"wp:attachment":[{"href":"https:\/\/carolor.org\/index.php\/wp-json\/wp\/v2\/media?parent=1052"}],"wp:term":[{"taxonomy":"post_tag","embeddable":true,"href":"https:\/\/carolor.org\/index.php\/wp-json\/wp\/v2\/tags?post=1052"},{"taxonomy":"tribe_events_cat","embeddable":true,"href":"https:\/\/carolor.org\/index.php\/wp-json\/wp\/v2\/tribe_events_cat?post=1052"}],"curies":[{"name":"wp","href":"https:\/\/api.w.org\/{rel}","templated":true}]}}

<p>Le Carol&#8217;Or, c&#8217;est quoi ?</p>
<p>C&#8217;est un bon de soutien à l&#8217;économie locale.</p>
<p>Le Carol&#8217;Or, c&#8217;est qui ?</p>
<p>Cette initiative est portée par un groupe de citoyens de la région de Charleroi.</p>
<p>D&#8217;autres questions , venez les poser c&#8217;est l&#8217;occasion !</p>
<p>Inscriptions souhaitées au 071/50.04.23.</p>

<p>Le Carol&#8217;Or, c&#8217;est quoi ? C&#8217;est un bon de soutien à l&#8217;économie locale. Le Carol&#8217;Or, c&#8217;est qui ? Cette initiative est portée par un groupe de citoyens de la région &hellip; </p>
<p class="link-more"><a href="https://carolor.org/index.php/event/info-session-espace-citoyen-porte-ouest/" class="more-link">Continuer la lecture<span class="screen-reader-text"> de &laquo;&nbsp;Info-session Espace citoyen Porte Ouest&nbsp;&raquo;</span></a></p>

<!-- This site is optimized with the Yoast SEO plugin v18.4.1 - https://yoast.com/wordpress/plugins/seo/ -->
<title>Info-session Espace citoyen Porte Ouest -</title>
<meta name="robots" content="index, follow, max-snippet:-1, max-image-preview:large, max-video-preview:-1" />
<link rel="canonical" href="https://carolor.org/index.php/event/info-session-espace-citoyen-porte-ouest/" />
<meta property="og:locale" content="fr_FR" />
<meta property="og:type" content="article" />
<meta property="og:title" content="Info-session Espace citoyen Porte Ouest -" />
<meta property="og:description" content="Le Carol&#8217;Or, c&#8217;est quoi ? C&#8217;est un bon de soutien à l&#8217;économie locale. Le Carol&#8217;Or, c&#8217;est qui ? Cette initiative est portée par un groupe de citoyens de la région &hellip; Continuer la lecture de &laquo;&nbsp;Info-session Espace citoyen Porte Ouest&nbsp;&raquo;" />
<meta property="og:url" content="https://carolor.org/index.php/event/info-session-espace-citoyen-porte-ouest/" />
<meta property="article:publisher" content="http://www.facebook.com/LeCarolOr/" />
<meta property="article:modified_time" content="2019-04-14T16:37:59+00:00" />
<meta property="og:image" content="https://carolor.org/wp-content/uploads/2019/04/56830135_2452862094776868_7903464651910807552_n.jpg" />
	<meta property="og:image:width" content="698" />
	<meta property="og:image:height" content="960" />
	<meta property="og:image:type" content="image/jpeg" />
<meta name="twitter:card" content="summary_large_image" />
<meta name="twitter:site" content="@carol_or" />
<script type="application/ld+json" class="yoast-schema-graph">{"@context":"https://schema.org","@graph":[{"@type":"Organization","@id":"https://carolor.org/#organization","name":"Carol'Or","url":"https://carolor.org/","sameAs":["http://www.facebook.com/LeCarolOr/","https://twitter.com/carol_or"],"logo":{"@type":"ImageObject","@id":"https://carolor.org/#logo","inLanguage":"fr-FR","url":"https://carolor.org/wp-content/uploads/2018/10/CarolOr_Logo_Noir-e1540477867364.png","contentUrl":"https://carolor.org/wp-content/uploads/2018/10/CarolOr_Logo_Noir-e1540477867364.png","width":600,"height":494,"caption":"Carol'Or"},"image":{"@id":"https://carolor.org/#logo"}},{"@type":"WebSite","@id":"https://carolor.org/#website","url":"https://carolor.org/","name":"Carol'Or","description":"La monnaie citoyenne du pays de Charleroi et de la Haute Sambre","publisher":{"@id":"https://carolor.org/#organization"},"potentialAction":[{"@type":"SearchAction","target":{"@type":"EntryPoint","urlTemplate":"https://carolor.org/?s={search_term_string}"},"query-input":"required name=search_term_string"}],"inLanguage":"fr-FR"},{"@type":"ImageObject","@id":"https://carolor.org/index.php/event/info-session-espace-citoyen-porte-ouest/#primaryimage","inLanguage":"fr-FR","url":"https://carolor.org/wp-content/uploads/2019/04/56830135_2452862094776868_7903464651910807552_n.jpg","contentUrl":"https://carolor.org/wp-content/uploads/2019/04/56830135_2452862094776868_7903464651910807552_n.jpg","width":698,"height":960},{"@type":"WebPage","@id":"https://carolor.org/index.php/event/info-session-espace-citoyen-porte-ouest/#webpage","url":"https://carolor.org/index.php/event/info-session-espace-citoyen-porte-ouest/","name":"Info-session Espace citoyen Porte Ouest -","isPartOf":{"@id":"https://carolor.org/#website"},"primaryImageOfPage":{"@id":"https://carolor.org/index.php/event/info-session-espace-citoyen-porte-ouest/#primaryimage"},"datePublished":"2019-04-14T16:13:05+00:00","dateModified":"2019-04-14T16:37:59+00:00","breadcrumb":{"@id":"https://carolor.org/index.php/event/info-session-espace-citoyen-porte-ouest/#breadcrumb"},"inLanguage":"fr-FR","potentialAction":[{"@type":"ReadAction","target":["https://carolor.org/index.php/event/info-session-espace-citoyen-porte-ouest/"]}]},{"@type":"BreadcrumbList","@id":"https://carolor.org/index.php/event/info-session-espace-citoyen-porte-ouest/#breadcrumb","itemListElement":[{"@type":"ListItem","position":1,"name":"Accueil","item":"https://carolor.org/"},{"@type":"ListItem","position":2,"name":"Évènements","item":"https://carolor.org/index.php/events/"},{"@type":"ListItem","position":3,"name":"Info-session Espace citoyen Porte Ouest"}]}]}</script>
<!-- / Yoast SEO plugin. -->

Le Carol&#8217;Or, c&#8217;est quoi ? C&#8217;est un bon de soutien à l&#8217;économie locale. Le Carol&#8217;Or, c&#8217;est qui ? Cette initiative est portée par un groupe de citoyens de la région &hellip; Continuer la lecture de &laquo;&nbsp;Info-session Espace citoyen Porte Ouest&nbsp;&raquo;

Évènements
