{"id":3350,"date":"2021-03-17T15:31:28","date_gmt":"2021-03-17T14:31:28","guid":{"rendered":"https:\/\/carolor.org\/?page_id=3350"},"modified":"2023-07-28T11:35:11","modified_gmt":"2023-07-28T09:35:11","slug":"comptoirs-de-change","status":"publish","type":"page","link":"https:\/\/carolor.org\/index.php\/comptoirs-de-change\/","title":{"rendered":"Comptoirs de change"},"content":{"rendered":"\t\t<div data-elementor-type=\"wp-page\" data-elementor-id=\"3350\" class=\"elementor elementor-3350\">\n\t\t\t\t\t\t<div class=\"elementor-inner\">\n\t\t\t\t<div class=\"elementor-section-wrap\">\n\t\t\t\t\t\t\t\t\t<section class=\"elementor-section elementor-top-section elementor-element elementor-element-457b4df8 elementor-section-boxed elementor-section-height-default elementor-section-height-default\" data-id=\"457b4df8\" data-element_type=\"section\">\n\t\t\t\t\t\t<div class=\"elementor-container elementor-column-gap-default\">\n\t\t\t\t\t\t\t<div class=\"elementor-row\">\n\t\t\t\t\t<div class=\"elementor-column elementor-col-100 elementor-top-column elementor-element elementor-element-60fe99d1\" data-id=\"60fe99d1\" data-element_type=\"column\">\n\t\t\t<div class=\"elementor-column-wrap elementor-element-populated\">\n\t\t\t\t\t\t\t<div class=\"elementor-widget-wrap\">\n\t\t\t\t\t\t<div class=\"elementor-element elementor-element-b392a72 elementor-widget elementor-widget-text-editor\" data-id=\"b392a72\" data-element_type=\"widget\" data-widget_type=\"text-editor.default\">\n\t\t\t\t<div class=\"elementor-widget-container\">\n\t\t\t\t\t\t\t\t<div class=\"elementor-text-editor elementor-clearfix\">\n\t\t\t\t<p><!-- wp:paragraph {\"align\":\"center\"} --><\/p>\n<p class=\"has-text-align-center\" style=\"text-align: center;\">Vous trouverez ci-dessous la liste des comptoirs de change o\u00f9 vous pourrez \u00e9changer vos euros contre des Carol&#8217;Or !<\/p>\n<p><!-- \/wp:paragraph --><!-- wp:paragraph --><\/p>\n<p style=\"text-align: center;\"><strong>Attention<\/strong>, pour r\u00e9aliser l&#8217;op\u00e9ration inverse,<\/p>\n<p style=\"text-align: center;\">une seule adresse : le bureau du Carol&#8217;Or,<\/p>\n<p style=\"text-align: center;\">situ\u00e9 au 7 rue du Dauphin \u00e0 Charleroi ,\u00a0<\/p>\n<p style=\"text-align: center;\">uniquement sur rendez-vous.<\/p>\n<p><!-- \/wp:paragraph --><!-- wp:shortcode --><\/p>\n<p><div id=\"maps-marker-pro-a6857eec\" class=\"maps-marker-pro\"><\/div><\/p>\n<p><!-- \/wp:shortcode --><\/p>\t\t\t\t\t<\/div>\n\t\t\t\t\t\t<\/div>\n\t\t\t\t<\/div>\n\t\t\t\t\t\t<\/div>\n\t\t\t\t\t<\/div>\n\t\t<\/div>\n\t\t\t\t\t\t\t\t<\/div>\n\t\t\t\t\t<\/div>\n\t\t<\/section>\n\t\t\t\t\t\t\t\t\t<\/div>\n\t\t\t<\/div>\n\t\t\t\t\t<\/div>\n\t\t","protected":false},"excerpt":{"rendered":"<p>Vous trouverez ci-dessous la liste des comptoirs de change o\u00f9 vous pourrez \u00e9changer vos euros contre des Carol&#8217;Or ! Attention, pour r\u00e9aliser l&#8217;op\u00e9ration inverse, une seule adresse : le bureau &hellip; <\/p>\n<p class=\"link-more\"><a href=\"https:\/\/carolor.org\/index.php\/comptoirs-de-change\/\" class=\"more-link\">Continuer la lecture<span class=\"screen-reader-text\"> de &laquo;&nbsp;Comptoirs de change&nbsp;&raquo;<\/span><\/a><\/p>\n","protected":false},"author":28,"featured_media":0,"parent":0,"menu_order":0,"comment_status":"closed","ping_status":"closed","template":"","meta":[],"yoast_head":"<!-- This site is optimized with the Yoast SEO plugin v18.4.1 - https:\/\/yoast.com\/wordpress\/plugins\/seo\/ -->\n<title>Comptoirs de change -<\/title>\n<meta name=\"description\" content=\"Les comptoirs de change du Carol&#039;or, La monnaie citoyenne du pays de Charleroi et de la Haute Sambre pour d\u00e9couvrir notre r\u00e9seau\" \/>\n<meta name=\"robots\" content=\"index, follow, max-snippet:-1, max-image-preview:large, max-video-preview:-1\" \/>\n<link rel=\"canonical\" href=\"https:\/\/carolor.org\/index.php\/comptoirs-de-change\/\" \/>\n<meta property=\"og:locale\" content=\"fr_FR\" \/>\n<meta property=\"og:type\" content=\"article\" \/>\n<meta property=\"og:title\" content=\"Comptoirs de change -\" \/>\n<meta property=\"og:description\" content=\"Les comptoirs de change du Carol&#039;or, La monnaie citoyenne du pays de Charleroi et de la Haute Sambre pour d\u00e9couvrir notre r\u00e9seau\" \/>\n<meta property=\"og:url\" content=\"https:\/\/carolor.org\/index.php\/comptoirs-de-change\/\" \/>\n<meta property=\"article:publisher\" content=\"http:\/\/www.facebook.com\/LeCarolOr\/\" \/>\n<meta property=\"article:modified_time\" content=\"2023-07-28T09:35:11+00:00\" \/>\n<meta name=\"twitter:card\" content=\"summary_large_image\" \/>\n<meta name=\"twitter:site\" content=\"@carol_or\" \/>\n<meta name=\"twitter:label1\" content=\"Dur\u00e9e de lecture estim\u00e9e\" \/>\n\t<meta name=\"twitter:data1\" content=\"1 minute\" \/>\n<script type=\"application\/ld+json\" class=\"yoast-schema-graph\">{\"@context\":\"https:\/\/schema.org\",\"@graph\":[{\"@type\":\"Organization\",\"@id\":\"https:\/\/carolor.org\/#organization\",\"name\":\"Carol'Or\",\"url\":\"https:\/\/carolor.org\/\",\"sameAs\":[\"http:\/\/www.facebook.com\/LeCarolOr\/\",\"https:\/\/twitter.com\/carol_or\"],\"logo\":{\"@type\":\"ImageObject\",\"@id\":\"https:\/\/carolor.org\/#logo\",\"inLanguage\":\"fr-FR\",\"url\":\"https:\/\/carolor.org\/wp-content\/uploads\/2018\/10\/CarolOr_Logo_Noir-e1540477867364.png\",\"contentUrl\":\"https:\/\/carolor.org\/wp-content\/uploads\/2018\/10\/CarolOr_Logo_Noir-e1540477867364.png\",\"width\":600,\"height\":494,\"caption\":\"Carol'Or\"},\"image\":{\"@id\":\"https:\/\/carolor.org\/#logo\"}},{\"@type\":\"WebSite\",\"@id\":\"https:\/\/carolor.org\/#website\",\"url\":\"https:\/\/carolor.org\/\",\"name\":\"Carol'Or\",\"description\":\"La monnaie citoyenne du pays de Charleroi et de la Haute Sambre\",\"publisher\":{\"@id\":\"https:\/\/carolor.org\/#organization\"},\"potentialAction\":[{\"@type\":\"SearchAction\",\"target\":{\"@type\":\"EntryPoint\",\"urlTemplate\":\"https:\/\/carolor.org\/?s={search_term_string}\"},\"query-input\":\"required name=search_term_string\"}],\"inLanguage\":\"fr-FR\"},{\"@type\":\"WebPage\",\"@id\":\"https:\/\/carolor.org\/index.php\/comptoirs-de-change\/#webpage\",\"url\":\"https:\/\/carolor.org\/index.php\/comptoirs-de-change\/\",\"name\":\"Comptoirs de change -\",\"isPartOf\":{\"@id\":\"https:\/\/carolor.org\/#website\"},\"datePublished\":\"2021-03-17T14:31:28+00:00\",\"dateModified\":\"2023-07-28T09:35:11+00:00\",\"description\":\"Les comptoirs de change du Carol'or, La monnaie citoyenne du pays de Charleroi et de la Haute Sambre pour d\u00e9couvrir notre r\u00e9seau\",\"breadcrumb\":{\"@id\":\"https:\/\/carolor.org\/index.php\/comptoirs-de-change\/#breadcrumb\"},\"inLanguage\":\"fr-FR\",\"potentialAction\":[{\"@type\":\"ReadAction\",\"target\":[\"https:\/\/carolor.org\/index.php\/comptoirs-de-change\/\"]}]},{\"@type\":\"BreadcrumbList\",\"@id\":\"https:\/\/carolor.org\/index.php\/comptoirs-de-change\/#breadcrumb\",\"itemListElement\":[{\"@type\":\"ListItem\",\"position\":1,\"name\":\"Accueil\",\"item\":\"https:\/\/carolor.org\/\"},{\"@type\":\"ListItem\",\"position\":2,\"name\":\"Comptoirs de change\"}]}]}<\/script>\n<!-- \/ Yoast SEO plugin. -->","yoast_head_json":{"title":"Comptoirs de change -","description":"Les comptoirs de change du Carol'or, La monnaie citoyenne du pays de Charleroi et de la Haute Sambre pour d\u00e9couvrir notre r\u00e9seau","robots":{"index":"index","follow":"follow","max-snippet":"max-snippet:-1","max-image-preview":"max-image-preview:large","max-video-preview":"max-video-preview:-1"},"canonical":"https:\/\/carolor.org\/index.php\/comptoirs-de-change\/","og_locale":"fr_FR","og_type":"article","og_title":"Comptoirs de change -","og_description":"Les comptoirs de change du Carol'or, La monnaie citoyenne du pays de Charleroi et de la Haute Sambre pour d\u00e9couvrir notre r\u00e9seau","og_url":"https:\/\/carolor.org\/index.php\/comptoirs-de-change\/","article_publisher":"http:\/\/www.facebook.com\/LeCarolOr\/","article_modified_time":"2023-07-28T09:35:11+00:00","twitter_card":"summary_large_image","twitter_site":"@carol_or","twitter_misc":{"Dur\u00e9e de lecture estim\u00e9e":"1 minute"},"schema":{"@context":"https:\/\/schema.org","@graph":[{"@type":"Organization","@id":"https:\/\/carolor.org\/#organization","name":"Carol'Or","url":"https:\/\/carolor.org\/","sameAs":["http:\/\/www.facebook.com\/LeCarolOr\/","https:\/\/twitter.com\/carol_or"],"logo":{"@type":"ImageObject","@id":"https:\/\/carolor.org\/#logo","inLanguage":"fr-FR","url":"https:\/\/carolor.org\/wp-content\/uploads\/2018\/10\/CarolOr_Logo_Noir-e1540477867364.png","contentUrl":"https:\/\/carolor.org\/wp-content\/uploads\/2018\/10\/CarolOr_Logo_Noir-e1540477867364.png","width":600,"height":494,"caption":"Carol'Or"},"image":{"@id":"https:\/\/carolor.org\/#logo"}},{"@type":"WebSite","@id":"https:\/\/carolor.org\/#website","url":"https:\/\/carolor.org\/","name":"Carol'Or","description":"La monnaie citoyenne du pays de Charleroi et de la Haute Sambre","publisher":{"@id":"https:\/\/carolor.org\/#organization"},"potentialAction":[{"@type":"SearchAction","target":{"@type":"EntryPoint","urlTemplate":"https:\/\/carolor.org\/?s={search_term_string}"},"query-input":"required name=search_term_string"}],"inLanguage":"fr-FR"},{"@type":"WebPage","@id":"https:\/\/carolor.org\/index.php\/comptoirs-de-change\/#webpage","url":"https:\/\/carolor.org\/index.php\/comptoirs-de-change\/","name":"Comptoirs de change -","isPartOf":{"@id":"https:\/\/carolor.org\/#website"},"datePublished":"2021-03-17T14:31:28+00:00","dateModified":"2023-07-28T09:35:11+00:00","description":"Les comptoirs de change du Carol'or, La monnaie citoyenne du pays de Charleroi et de la Haute Sambre pour d\u00e9couvrir notre r\u00e9seau","breadcrumb":{"@id":"https:\/\/carolor.org\/index.php\/comptoirs-de-change\/#breadcrumb"},"inLanguage":"fr-FR","potentialAction":[{"@type":"ReadAction","target":["https:\/\/carolor.org\/index.php\/comptoirs-de-change\/"]}]},{"@type":"BreadcrumbList","@id":"https:\/\/carolor.org\/index.php\/comptoirs-de-change\/#breadcrumb","itemListElement":[{"@type":"ListItem","position":1,"name":"Accueil","item":"https:\/\/carolor.org\/"},{"@type":"ListItem","position":2,"name":"Comptoirs de change"}]}]}},"_links":{"self":[{"href":"https:\/\/carolor.org\/index.php\/wp-json\/wp\/v2\/pages\/3350"}],"collection":[{"href":"https:\/\/carolor.org\/index.php\/wp-json\/wp\/v2\/pages"}],"about":[{"href":"https:\/\/carolor.org\/index.php\/wp-json\/wp\/v2\/types\/page"}],"author":[{"embeddable":true,"href":"https:\/\/carolor.org\/index.php\/wp-json\/wp\/v2\/users\/28"}],"replies":[{"embeddable":true,"href":"https:\/\/carolor.org\/index.php\/wp-json\/wp\/v2\/comments?post=3350"}],"version-history":[{"count":19,"href":"https:\/\/carolor.org\/index.php\/wp-json\/wp\/v2\/pages\/3350\/revisions"}],"predecessor-version":[{"id":5861,"href":"https:\/\/carolor.org\/index.php\/wp-json\/wp\/v2\/pages\/3350\/revisions\/5861"}],"wp:attachment":[{"href":"https:\/\/carolor.org\/index.php\/wp-json\/wp\/v2\/media?parent=3350"}],"curies":[{"name":"wp","href":"https:\/\/api.w.org\/{rel}","templated":true}]}}